he remainder when 60903 is divided by 7612.
7
What is the remainder when 170524 is divided by 27?
19
Calculate the remainder when 4645 is divided by 216.
109
What is the remainder when 34794 is divided by 470?
14
Calculate the remainder when 20920 is divided by 6934.
118
Calculate the remainder when 8478 is divided by 421.
58
Calculate the remainder when 10731 is divided by 96.
75
Calculate the remainder when 89795 is divided by 25.
20
Calculate the remainder when 5200 is divided by 67.
41
What is the remainder when 19587 is divided by 75?
12
What is the remainder when 686892 is divided by 543?
540
Calculate the remainder when 147693 is divided by 6.
3
Calculate the remainder when 1026 is divided by 838.
188
Calculate the remainder when 6644 is divided by 1001.
638
What is the remainder when 136330 is divided by 42?
40
Calculate the remainder when 61873 is divided by 33.
31
Calculate the remainder when 4919 is divided by 24.
23
What is the remainder when 2101798 is divided by 700594?
16
What is the remainder when 1245788 is divided by 8?
4
Calculate the remainder when 43556 is divided by 43526.
30
Calculate the remainder when 563878 is divided by 209.
205
What is the remainder when 83966 is divided by 83966?
0
Calculate the remainder when 692 is divided by 47.
34
Calculate the remainder when 845727 is divided by 90.
87
Calculate the remainder when 29424 is divided by 153.
48
Calculate the remainder when 42048 is divided by 146.
0
What is the remainder when 22883 is divided by 556?
87
Calculate the remainder when 6355 is divided by 1570.
75
Calculate the remainder when 12133 is divided by 319.
11
What is the remainder when 84124 is divided by 41?
33
Calculate the remainder when 58499 is divided by 991.
30
What is the remainder when 44151 is divided by 61?
48
What is the remainder when 2693 is divided by 457?
408
What is the remainder when 1786 is divided by 669?
448
What is the remainder when 50277 is divided by 572?
513
What is the remainder when 4187 is divided by 154?
29
What is the remainder when 2088 is divided by 1900?
188
What is the remainder when 34179 is divided by 81?
78
What is the remainder when 4575 is divided by 33?
21
What is the remainder when 6778 is divided by 681?
649
What is the remainder when 8423015 is divided by 21?
20
What is the remainder when 21809 is divided by 19?
16
Calculate the remainder when 592 is divided by 342.
250
Calculate the remainder when 531556 is divided by 2101.
3
What is the remainder when 12507 is divided by 416?
27
Calculate the remainder when 152105 is divided by 7.
2
Calculate the remainder when 1788 is divided by 1783.
5
Calculate the remainder when 510 is divided by 36.
6
Calculate the remainder when 6883 is divided by 687.
13
Calculate the remainder when 154036 is divided by 13.
12
Calculate the remainder when 10227 is divided by 10207.
20
Calculate the remainder when 8195 is divided by 139.
133
What is the remainder when 25352 is divided by 6336?
8
What is the remainder when 1485 is divided by 419?
228
Calculate the remainder when 636 is divided by 158.
4
Calculate the remainder when 970552 is divided by 269.
0
What is the remainder when 17637 is divided by 84?
81
What is the remainder when 2997 is divided by 214?
1
Calculate the remainder when 1034 is divided by 36.
26
Calculate the remainder when 441 is divided by 134.
39
What is the remainder when 3676 is divided by 464?
428
Calculate the remainder when 15941 is divided by 1978.
117
Calculate the remainder when 5485 is divided by 164.
73
Calculate the remainder when 53424 is divided by 11.
8
What is the remainder when 5526 is divided by 431?
354
Calculate the remainder when 1054 is divided by 27.
1
Calculate the remainder when 7267 is divided by 10.
7
Calculate the remainder when 38783 is divided by 30.
23
What is the remainder when 179638 is divided by 10?
8
What is the remainder when 3699 is divided by 620?
599
Calculate the remainder when 1093 is divided by 10.
3
Calculate the remainder when 1977 is divided by 386.
47
What is the remainder when 6685040 is divided by 91?
89
Calculate the remainder when 21419 is divided by 140.
139
What is the remainder when 12087 is divided by 195?
192
Calculate the remainder when 4653 is divided by 359.
345
Calculate the remainder when 338056 is divided by 7.
5
Calculate the remainder when 678365 is divided by 594.
17
What is the remainder when 9868 is divided by 498?
406
What is the remainder when 842 is divided by 168?
2
Calculate the remainder when 11509 is divided by 4.
1
What is the remainder when 5170 is divided by 734?
32
Calculate the remainder when 653 is divided by 210.
23
Calculate the remainder when 102991 is divided by 46.
43
Calculate the remainder when 31207 is divided by 22.
11
What is the remainder when 173243 is divided by 43?
39
What is the remainder when 5344 is divided by 1328?
32
Calculate the remainder when 27004 is divided by 8965.
109
What is the remainder when 32943 is divided by 29?
28
What is the remainder when 97212 is divided by 97183?
29
Calculate the remainder when 15316 is divided by 1899.
124
Calculate the remainder when 18761 is divided by 11.
6
What is the remainder when 7693 is divided by 214?
203
Calculate the remainder when 19506 is divided by 19494.
12
What is the remainder when 665412 is divided by 405?
402
Calculate the remainder when 14304 is divided by 360.
264
What is the remainder when 57705 is divided by 128?
105
What is the remainder when 3303 is divided by 658?
13
Calculate the remainder when 41172 is divided by 314.
38
Calculate the remainder when 35702 is divided by 319.
293
What is the remainder when 668559 is divided by 23?
18
Calculate the remainder when 82765 is divided by 2953.
81
What is the remainder when 54179 is divided by 13544?
3
Calculate the remainder when 349652 is divided by 222.
2
What is the remainder when 887152 is divided by 29?
13
What is the remainder when 12098 is divided by 676?
606
What is the remainder when 6010 is divided by 220?
70
What is the remainder when 32395 is divided by 60?
55
What is the remainder when 1423 is divided by 460?
43
What is the remainder when 68444 is divided by 15?
14
What is the remainder when 24657 is divided by 1168?
129
What is the remainder when 55721 is divided by 12?
5
Calculate the remainder when 64204 is divided by 32098.
8
What is the remainder when 1371 is divided by 29?
8
Calculate the remainder when 42164 is divided by 283.
280
Calculate the remainder when 7935 is divided by 272.
47
What is the remainder when 57413 is divided by 36?
29
Calculate the remainder when 7784 is divided by 7763.
21
Calculate the remainder when 209909 is divided by 67.
65
Calculate the remainder when 156637 is divided by 78318.
1
Calculate the remainder when 2568 is divided by 368.
360
Calculate the remainder when 4723 is divided by 3.
1
Calculate the remainder when 61426 is divided by 61393.
33
Calculate the remainder when 5688 is divided by 19.
7
What is the remainder when 2910 is divided by 481?
24
Calculate the remainder when 10222 is divided by 79.
31
What is the remainder when 44082 is divided by 390?
12
Calculate the remainder when 667693 is divided by 24.
13
What is the remainder when 1068 is divided by 383?
302
Calculate the remainder when 1743 is divided by 46.
41
What is the remainder when 138 is divided by 99?
39
What is the remainder when 33373 is divided by 149?
146
What is the remainder when 7417 is divided by 136?
73
Calculate the remainder when 32739 is divided by 5.
4
What is the remainder when 1032554 is divided by 119?
110
What is the remainder when 17052 is divided by 232?
116
What is the remainder when 102485 is divided by 34145?
50
What is the remainder when 15706 is divided by 34?
32
Calculate the remainder when 413672 is divided by 86.
12
Calculate the remainder when 382925 is divided by 257.
252
What is the remainder when 643361 is divided by 43?
38
Calculate the remainder when 8820 is divided by 259.
14
What is the remainder when 7529 is divided by 94?
9
What is the remainder when 2851068 is divided by 688?
684
Calculate the remainder when 2729 is divided by 543.
14
Calculate the remainder when 44575 is divided by 2120.
55
What is the remainder when 17563 is divided by 112?
91
What is